-3527 + 9?
-351a
In base 13, what is -c07 + 12?
-bc5
In base 11, what is 2 - -1aa6?
1aa8
In base 13, what is -4 - 1b89b?
-1b8a2
In base 10, what is 3 - 32956?
-32953
In base 4, what is -11011302 - -2?
-11011300
In base 16, what is -2 + 14c79?
14c77
In base 9, what is 57 - -18627?
18685
In base 6, what is 13525241 - 3?
13525234
In base 7, what is 235421 - 135?
235253
In base 16, what is b058 + -7?
b051
In base 4, what is -2 - -31311302?
31311300
In base 5, what is -3 - 21414330?
-21414333
In base 14, what is 2d7 + -6c1?
-3c8
In base 14, what is -1601 - -d0?
-1511
In base 11, what is 220 - -339?
559
In base 15, what is -2 + -3d8a?
-3d8c
In base 6, what is 24022 - 1?
24021
In base 14, what is b - -17872?
1787d
In base 5, what is -21424 + 2304?
-14120
In base 5, what is -4042 - 2303?
-11400
In base 13, what is -41285 + 2?
-41283
In base 14, what is -195887 - 2?
-195889
In base 15, what is 260 - -81?
2e1
In base 10, what is -41698 + -4?
-41702
In base 15, what is -1931 + 121?
-1810
In base 9, what is 33582 + -4?
33577
In base 4, what is 3030 - 2211311?
-2202221
In base 9, what is 74464 + 0?
74464
In base 13, what is 1 - -5b424?
5b425
In base 12, what is -26b3a - 0?
-26b3a
In base 9, what is 1882 - -101?
2083
In base 9, what is 152102 - -3?
152105
In base 5, what is 3 + 2010011?
2010014
In base 7, what is 20431451 + -5?
20431443
In base 14, what is -13661 - -3?
-1365c
In base 2, what is 11 + -101110001110100?
-101110001110001
In base 10, what is -28013 + 3?
-28010
In base 4, what is 1013 - -13320?
20333
In base 15, what is -1a - 35b?
-376
In base 10, what is -1945 - -1?
-1944
In base 14, what is 23a8c + -5?
23a87
In base 2, what is 100010110 + -1?
100010101
In base 2, what is 11010110110000 - 11011?
11010110010101
In base 14, what is -ba7 - -b5d?
-48
In base 16, what is 3f9 + -47?
3b2
In base 14, what is 587 + -9?
57c
In base 6, what is 110011 + 255?
110310
In base 3, what is -10102112 + 10210?
-10021202
In base 4, what is 100132 + -1120?
33012
In base 11, what is 85a + 1?
860
In base 11, what is 27a0a3 + 5?
27a0a8
In base 7, what is -3263620 + -2?
-3263622
In base 5, what is -2434 - 342?
-3331
In base 9, what is -173 - -160?
-13
In base 3, what is -1122002 - 21211022?
-100110101
In base 8, what is 2 - -3231325?
3231327
In base 8, what is -23 - -3605?
3562
In base 8, what is 63251 - -3?
63254
In base 13, what is -5918 + a?
-590b
In base 13, what is -b + -235?
-243
In base 4, what is 32 - -1120131?
1120223
In base 13, what is -4 - -132298?
132294
In base 14, what is -839b - -3a?
-8361
In base 12, what is 7 + 10b3a4?
10b3ab
In base 9, what is -54 + -404?
-458
In base 12, what is 9 + 2930?
2939
In base 11, what is 117 + 5515?
5631
In base 7, what is 236 + 1233?
1502
In base 9, what is 0 - 14531?
-14531
In base 9, what is 263 + 308?
572
In base 12, what is -3 - -13828?
13825
In base 11, what is -19 + -6333?
-6351
In base 16, what is -17 + 2db4?
2d9d
In base 12, what is -19bb47 + -5?
-19bb50
In base 4, what is 3 - -3222303100?
3222303103
In base 14, what is -7c4 - -5?
-7bd
In base 14, what is -5 - b5c9?
-b5d0
In base 9, what is -336588 - -2?
-336586
In base 5, what is -2111 - -434?
-1122
In base 9, what is 56462 - -1?
56463
In base 8, what is 216 - 11442?
-11224
In base 14, what is -3 - -4d3b?
4d38
In base 13, what is 9 + -1b5c?
-1b53
In base 13, what is 1 + -365?
-364
In base 16, what is 7 - -75?
7c
In base 8, what is -2 + -113550?
-113552
In base 11, what is 99 - -538?
626
In base 10, what is 21889 - -2?
21891
In base 5, what is 0 - 24224?
-24224
In base 11, what is 162 + -1387?
-1225
In base 10, what is 811644 - 5?
811639
In base 10, what is 12 + -81369?
-81357
In base 11, what is 3 - -21649?
21651
In base 6, what is -4 + -1142225?
-1142233
In base 6, what is 5451 + 1345?
11240
In base 12, what is -24717 + -5?
-24720
In base 9, what is 23506 + 11?
23517
In base 14, what is -5 - 9a38a?
-9a391
In base 2, what is 101101110010 + -10011001?
101011011001
In base 5, what is -3 + 313302?
313244
In base 3, what is -11002211102 - 102?
-11002211211
In base 4, what is -1 + -33203211?
-33203212
In base 13, what is -18 - -147a?
1462
In base 9, what is 140 - 4514?
-4364
In base 13, what is 5 - -27195?
2719a
In base 2, what is 101 + -11000100100111010?
-11000100100110101
In base 7, what is -10 - 25242?
-25252
In base 6, what is 5 - 43133?
-43124
In base 3, what is 1 + 110121011?
110121012
In base 6, what is 104550 + 320?
105310
In base 4, what is 10 + 2320102?
2320112
In base 9, what is -802457 - 0?
-802457
In base 14, what is 48822 - -2?
48824
In base 2, what is -111 + -1001111101?
-1010000100
In base 12, what is 3 + -4768?
-4765
In base 15, what is b9 + -1274?
-11aa
In base 14, what is -1175 + a5?
-10b0
In base 12, what is -1a - 4619?
-4637
In base 6, what is -440522 - 2?
-440524
In base 12, what is 2050 - 516?
1736
In base 11, what is -1a - -5217?
51a8
In base 12, what is 6801 - b?
67b2
In base 4, what is -2 + 3102201322?
3102201320
In base 2, what is -1000111000000100111 - -100?
-1000111000000100011
In base 7, what is -3 - 125250?
-125253
In base 3, what is 121021020 + -100?
121020220
In base 11, what is a42 - -381?
1313
In base 7, what is -510054 + 5?
-510046
In base 2, what is 100 - -110001011111101?
110001100000001
In base 2, what is 101001000 - 110011000111?
-101101111111
In base 14, what is -1 + 29bc9?
29bc8
In base 16, what is 35 - -bd?
f2
In base 7, what is -4 + 12235?
12231
In base 14, what is -599b - 3?
-59a0
In base 3, what is 1221220011122 + 11?
1221220011210
In base 10, what is -19 - -31358?
31339
In base 6, what is -10 - 1010012?
-1010022
In base 8, what is -61757 + 22?
-61735
In base 12, what is -424a - 5?
-4253
In base 11, what is 15648 + -7?
15641
In base 5, what is 13120444 + -3?
13120441
In base 7, what is 3 - 40245?
-40242
In base 8, what is 17243 - 40?
17203
In base 5, what is 40210233 - -10?
40210243
In base 8, what is -176 - 244?
-442
In base 16, what is 1b863 + -3?
1b860
In base 4, what is 10 + 10230011010?
10230011020
In base 2, what is -10010101010101101001 + 1?
-10010101010101101000
In base 7, what is -244 - -3226?
2652
In base 10, what is -19 - -11869?
11850
In base 10, what is -1 - -858271?
858270
In base 2, what is 1111 - 10111111000110010?
-10111111000100011
In base 14, what is -3 - -904?
901
In base 8, what is 4756 + 147?
5125
In base 3, what is -110 - -2100100?
2022220
In base 8, what is -23720 - -20?
-23700
In base 16, what is -108 + 1cf?
c7
In base 4, what is 10 - -120110310?
120110320
In base 3, what is 101001012 - 10?
101001002
In base 10, what is 7058 - 0?
7058
In base 11, what is -1806aa - 3?
-180702
In base 11, what is -2 - -4664?
4662
In base 7, what is 145 - 6135?
-5660
In base 4, what is -1 - 3211003?
-3211010
In base 8, what is -3 - -7207?
7204
In base 9, what is -302 - 2322?
-2624
In base 2, what is 1111011110011 - 1100?
1111011100111
In base 14, what is -5 + b214a?
b2145
In base 3, what is 222 + -11101002020?
-11101001021
In base 14, what is 51 - 1bad?
-1b5c
In base 4, what is -1020 + -12011102?
-12012122
In base 16, what is -a - 1bb?
-1c5
In base 12, what is -166a - -b?
-165b
In base 7, what is -352645 + -1?
-352646
In base 8, what is -1443 + -44?
-1507
In base 11, what is 4a818 - -1?
4a819
In base 2, what is -1 + -11110101001011?
-11110101001100
In base 12, what is -1331 - 22?
-1353
In base 2, what is 1001010011110 - -101010?
1001011001000
In base 14, what is -2 + 3bab?
3ba9
In base 5, what is 10 + -14421311?
-14421301
In base 13, what is 3418a + -3?
34187
In base 16, what is 1af09 - -1?
1af0a
In base 16, what is -658 + 2?
-656
In base 14, what is -3da233 + -3?
-3da236
In base 3, what is 222202 + 1121?
1001100
In base 16, what is 2 - -467a?
467c
In base 4, what is -1 - -31312002?
31312001
In base 11, what is 2 - 16255?
-16253
In base 4, what is -11 - -10013102?
10013031
In base 2, what is -100 - 111111110111010?
-111111110111110
In base 2, what is 101 + -111100101010111010?
-111100101010110101
In base 8, what is -641751 + -1?
-641752
In base 4, what is -3303 + 1132?
-2111
In base 2, what is -1 - 100001011111000?
-100001011111001
In base 4, what is -230231 - 230?
-231121
In base 9, what is -14357 - -1?
-14356
In base 15, what is -14 - ee45?
-ee59
In base 16, what is 3 + 107b2?
107b5
In base 9, what is 645 + -108?